 + 4). What is the greatest common factor of z and 2?
2
Let r(c) = 3*c**2 + c + 7. Let a be r(-4). Calculate the highest common factor of a and 17.
17
Suppose -5*k + 28 = -3*i + 6, 0 = -3*i - k + 8. Let q be -243*2/(-3)*i. What is the highest common factor of q and 18?
18
Suppose -v + 5 = -22. Suppose -5*s = 5*h - 30, -2*h = -4*s - 7*h + v. Let m be (-10)/(-2) + 0 + 1. Calculate the greatest common divisor of m and s.
3
Let p be ((-4)/(-3))/((-4)/(-18)). Suppose p*t = 4*t + 4. Suppose 0 = t*s - 0*s - 182. Calculate the greatest common divisor of 13 and s.
13
Let h be (-8*6/(-24))/(2/31). Calculate the highest common divisor of h and 248.
31
Suppose -110*q + 36 = -101*q. Suppose 4*j = -3 + 11. What is the highest common factor of j and q?
2
Let d = -87 + 165. Suppose 3*n = -3*v + d, -81 = -5*v + 3*n + 17. What is the greatest common divisor of 11 and v?
11
Let y be (-6)/(-24) - 79/(-4). Calculate the greatest common factor of 20 and y.
20
Suppose 0 = -2*m + 7*m - 65. Let y(q) = -q**2 + 16*q - 15. Let h be y(m). What is the greatest common divisor of 12 and h?
12
Suppose 0 = -p + 2*p - 37. Let u = 8 + p. Let k be 6/2 - (-37 - -10). Calculate the greatest common divisor of k and u.
15
Let v be (-46 - 2)*(-1 - 3). What is the greatest common factor of 12 and v?
12
Suppose 3*w - 779 = -5*s, -4*s - 3*w + 725 - 100 = 0. Calculate the highest common factor of s and 14.
14
Suppose -76 = -3*b - 28. Calculate the highest common factor of 32 and b.
16
Suppose -5*w = 3*u - 72, 12 = 5*u - 2*u. Calculate the highest common divisor of w and 18.
6
Let k(r) = 22*r - 7*r + 6 + 14*r. Let u be k(7). Suppose 0 = -4*z + 3*z + 19. What is the greatest common divisor of u and z?
19
Let g be 4 + (-4)/((-20)/145). Calculate the greatest common divisor of 11 and g.
11
Let t(s) = -2*s + 6. Let z be t(7). Let w(l) = -2*l - 5. Let a be w(z). What is the greatest common factor of a and 55?
11
Let u = 75 + -40. Suppose -5*x + 15 + u = 0. Let l(g) = 2*g**2 + 3*g. Let p be l(-4). What is the greatest common divisor of p and x?
10
Suppose 157 = 5*g - 2*w - 4, 3*w = -9. Suppose -5*p = g - 121. Let i(q) = -2*q + 2. Let d be i(-5). What is the highest common factor of d and p?
6
Suppose 8*r - 62 - 66 = 0. What is the highest common divisor of 24 and r?
8
Let j be (-57)/(-11) - (-2)/(-11). Suppose 0 = 2*q - j*h - 51, 5*q - 96 = 3*h - h. Let u = 9 + -3. What is the highest common factor of u and q?
6
Let i = 9 - 6. Let g = i - 0. Suppose 0 = v - g - 6. What is the greatest common factor of v and 18?
9
Let k(g) = 2*g**2 + 5*g + 3. Let r be k(-4). Let o = 26 - 21. Suppose -o*s + r = -0*s. Calculate the highest common divisor of 9 and s.
3
Let i = 8 - 8. Suppose i = -4*z + 8*z - 8. Suppose c - 42 = -2*c. Calculate the greatest common divisor of z and c.
2
Let i = 108 + -32. Calculate the greatest common factor of i and 190.
38
Let n(r) = -2*r - 7. Let j be n(-6). Suppose 3*l + 34 = j*l. Suppose -2*m + l + 7 = 0. Calculate the highest common divisor of m and 4.
4
Suppose -2*l - 5*h = -28, -12 = l - 2*h - 2*h. Calculate the highest common divisor of 12 and l.
4
Let f be 5*5/100 - 62/(-8). Let r be 1*(-40)/((-1)/1). Calculate the greatest common factor of r and f.
8
Suppose 3*m = 5*t + 4, 0*m = -2*m + 6. What is the highest common factor of t and 21?
1
Let g be 35/(1/(3 + -2)). Suppose 4*x = 3*b + b - 8, -4*b = 5*x - g. Let w be (x/(-6))/(2/(-252)). What is the greatest common divisor of w and 9?
9
Let m(o) = 41*o**2 + 2*o - 1. Let v be m(1). Let d = -8 + 5. Let n = d + 17. What is the highest common factor of v and n?
14
Suppose -28 - 12 = -4*m. Suppose 0 = 5*n - m*n + 495. Suppose -5*g + 3*g = -22. What is the greatest common divisor of g and n?
11
Suppose 9*o + 7*o = 176. What is the greatest common factor of 88 and o?
11
Suppose -a - 2*a + 33 = 4*w, -w - 3 = -3*a. What is the highest common divisor of w and 6?
6
Let h be (-2)/5 - (-37)/5. Let p(g) = -g**2 - 16*g - 21. Let c be p(-14). What is the greatest common divisor of h and c?
7
Suppose -9 = -2*a + 3*a - 4*p, -8 = -4*a + 5*p. Suppose 3*r - a = 23. Calculate the greatest common divisor of r and 10.
10
Let k = 4 + -4. Suppose k = -5*x - 4 + 19. Let p be 340/14 + 2/(-7). What is the highest common divisor of p and x?
3
Suppose 0*q - 43 = -4*q + p, 0 = q - p - 7. Let h = q - 0. What is the greatest common factor of 12 and h?
12
Let s be 180/(-27)*(-6)/4. Suppose 0 = b - 3 - 0. Suppose -75 = -2*n - b*n. Calculate the highest common factor of s and n.
5
Suppose 2*b = b + 2*n + 22, 5*b = -n + 132. What is the greatest common divisor of b and 26?
26
Suppose 4*w + 3*a = w + 9, -a = 1. Suppose 3*i - i - w = 0. Calculate the highest common factor of i and 10.
2
Suppose 7*q - 3*q = 0, 0 = j - 3*q - 100. What is the greatest common divisor of j and 80?
20
Let l be 2 + -1 + (-27)/(-1). What is the highest common factor of l and 14?
14
Let f(g) = -g**2 + 6*g + 1. Let t be f(4). Let a = 8 + t. What is the greatest common factor of 153 and a?
17
Suppose 3*m = -a + 22 + 23, 0 = -a + 3*m + 69. What is the greatest common factor of 19 and a?
19
Let x be 2/(-3) + (-28)/(-6). Suppose 5*b - 20 = -v + 16, -x*b + 5*v = -52. What is the highest common factor of b and 32?
8
Let b = 37 + -53. Let f be b/(-1)*8/4. What is the greatest common factor of f and 48?
16
Let b = 78 - -173. Let j = b + -119. What is the greatest common factor of 12 and j?
12
Suppose -5*c = -5*s - 15, 4*c = -0*s + 3*s + 16. Calculate the greatest common factor of c and 133.
7
Let n be 1/((-3)/42*-2). What is the greatest common factor of 28 and n?
7
Let h be (4 + 24)*156/14. Let o = h - 175. Suppose 3*w + 5*r = 235, -4*w + 179 = 4*r - o. What is the highest common divisor of w and 10?
10
Suppose 3*f - 12 = 0, 0 = 3*m + 6*f - f - 293. What is the highest common divisor of m and 13?
13
Suppose 132 = 2*r - 0*h - 5*h, 164 = 3*r + h. Suppose 3*j + b = -3*b + 26, 0 = -5*b - 20. What is the highest common divisor of j and r?
14
Let f be -34 + 2 - 1*-1. Let j = -18 - f. What is the greatest common divisor of 39 and j?
13
Let x be 2/(-12) + (-1814)/(-12). Suppose 4*i + 39 = x. Suppose 0*t - 42 = -t. What is the highest common divisor of i and t?
14
Suppose -4*k - 8*d + 3*d = 14, 5*d = 2*k - 8. Let t be (-1)/(k - 256/(-260)). Calculate the greatest common divisor of t and 26.
13
Let a be ((1 - 1) + -224)*(-8 + 7). What is the greatest common divisor of a and 32?
32
Suppose 0 = b + 5 - 2, -p + 5 = b. Let k = p - 5. Suppose 0*x - 24 = -k*x. Calculate the greatest common divisor of 32 and x.
8
Let s = 2 + 2. Suppose -5*g + m = -4*m - 680, -m + 564 = s*g. Calculate the highest common factor of 28 and g.
28
Let l be (-1 + -2 + 13/2)*6. Calculate the greatest common divisor of 3 and l.
3
Let l(t) = t + 7. Let a(k) = k - 9. Let h be a(4). Let v be l(h). Let o = 1 + 1. Calculate the greatest common factor of o and v.
2
Let a = -18 - -20. Calculate the greatest common factor of a and 6.
2
Suppose -3*g + 7 = 40. Let l = 71 - 49. Let o = l + g. What is the greatest common divisor of o and 77?
11
Let c(p) = -p**2 + 4*p + 10. Let h be c(5). Calculate the highest common divisor of h and 15.
5
Suppose 7 - 1 = 2*p. Suppose -p*n + 4 = -n. Let g(w) = 10*w**3 + w**2 - 2*w + 1. Let z be g(1). What is the greatest common factor of n and z?
2
Suppose 3*s = 7*s - 68. Suppose -s*g - 130 = -19*g. Calculate the greatest common factor of 26 and g.
13
Let z(i) = -15*i - 13. Let b be z(-2). What is the greatest common divisor of b and 17?
17
Suppose 0 = -3*b - 2*b - 220. Let m = -26 - b. What is the greatest common divisor of m and 6?
6
Let g = 109 - 60. Calculate the greatest common factor of 14 and g.
7
Let d(n) = -5*n**3 - 3*n**2 - 3*n - 4. Let q be d(-2). Calculate the greatest common divisor of 15 and q.
15
Suppose t - 36 = 4*c, -4*c - 20 = 2*t + 16. Let i = -3 + c. Let z be (i/(-10))/((-6)/(-320)). Calculate the highest common factor of 16 and z.
16
Let y(g) = 19*g. Let s be y(2). Let v = 12 + 83. Calculate the greatest common divisor of s and v.
19
Let s be ((-36)/(-21))/((-4)/(-70)). Calculate the highest common factor of s and 6.
6
Let p be 6/15 - 348/(-5). Calculate the highest common factor of 14 and p.
14
Let f be (192/(-30))/((-1)/5). Calculate the greatest common divisor of 16 and f.
16
Suppose 2*s - 216